e the remainder when 3567752 is divided by 148.
64
Calculate the remainder when 27320220 is divided by 414.
360
Calculate the remainder when 1172868 is divided by 311.
87
Calculate the remainder when 25758 is divided by 5116.
178
What is the remainder when 21468300 is divided by 405062?
14
What is the remainder when 5617 is divided by 1835?
112
Calculate the remainder when 501005 is divided by 173.
170
Calculate the remainder when 42747 is divided by 466.
341
What is the remainder when 279788 is divided by 1522?
1262
Calculate the remainder when 1536515 is divided by 14495.
45
What is the remainder when 494537 is divided by 494421?
116
What is the remainder when 208391 is divided by 560?
71
Calculate the remainder when 92836 is divided by 1823.
1686
Calculate the remainder when 1995552 is divided by 1599.
0
What is the remainder when 674999 is divided by 3750?
3749
What is the remainder when 25884 is divided by 11635?
2614
Calculate the remainder when 35119586 is divided by 31.
27
Calculate the remainder when 4235384 is divided by 399.
398
What is the remainder when 497947 is divided by 19145?
177
Calculate the remainder when 129996 is divided by 140.
76
Calculate the remainder when 309163 is divided by 226.
221
Calculate the remainder when 269935 is divided by 89948.
91
Calculate the remainder when 968934 is divided by 103.
13
Calculate the remainder when 877619 is divided by 478.
11
What is the remainder when 826360 is divided by 91?
80
What is the remainder when 233178681 is divided by 41?
37
What is the remainder when 56200 is divided by 13988?
248
What is the remainder when 233641 is divided by 706?
661
Calculate the remainder when 970338 is divided by 74640.
18
What is the remainder when 865087 is divided by 3717?
2743
What is the remainder when 275375 is divided by 27404?
1335
Calculate the remainder when 2062618 is divided by 601.
587
What is the remainder when 8025248 is divided by 1745?
1738
Calculate the remainder when 232147 is divided by 7033.
58
Calculate the remainder when 2237310 is divided by 15.
0
Calculate the remainder when 167103 is divided by 590.
133
What is the remainder when 68504 is divided by 5990?
2614
What is the remainder when 23003 is divided by 404?
379
What is the remainder when 13678 is divided by 2771?
2594
What is the remainder when 1178068 is divided by 7?
3
What is the remainder when 25548565 is divided by 33?
31
Calculate the remainder when 302714 is divided by 493.
12
What is the remainder when 8752 is divided by 1271?
1126
What is the remainder when 39450666 is divided by 2320627?
7
Calculate the remainder when 104792265 is divided by 50969.
1
What is the remainder when 352136085 is divided by 6?
3
What is the remainder when 1110420 is divided by 141?
45
What is the remainder when 15036204 is divided by 2309?
2305
Calculate the remainder when 2081426 is divided by 346884.
122
Calculate the remainder when 41866388 is divided by 899.
857
What is the remainder when 79000070 is divided by 19?
8
What is the remainder when 23020478 is divided by 219?
74
What is the remainder when 8702694 is divided by 2435?
4
What is the remainder when 443650 is divided by 110770?
570
Calculate the remainder when 97049 is divided by 12058.
585
Calculate the remainder when 54312179 is divided by 30.
29
Calculate the remainder when 271935 is divided by 90607.
114
Calculate the remainder when 82175 is divided by 2130.
1235
What is the remainder when 13486478 is divided by 42544?
30
Calculate the remainder when 8420311 is divided by 1049.
1037
Calculate the remainder when 86843 is divided by 86843.
0
What is the remainder when 51718498 is divided by 108?
106
What is the remainder when 505195 is divided by 254?
243
Calculate the remainder when 151213226 is divided by 35.
31
Calculate the remainder when 197405389 is divided by 9646.
9645
What is the remainder when 107330 is divided by 14806?
3688
Calculate the remainder when 14848312 is divided by 905.
882
Calculate the remainder when 4392865 is divided by 26.
9
What is the remainder when 6082933 is divided by 1160?
1053
Calculate the remainder when 7632154 is divided by 486.
10
Calculate the remainder when 3152969 is divided by 3383.
13
Calculate the remainder when 1165 is divided by 81.
31
What is the remainder when 1583016 is divided by 29?
22
Calculate the remainder when 28015 is divided by 13640.
735
Calculate the remainder when 4217188 is divided by 200.
188
What is the remainder when 168170 is divided by 11207?
65
Calculate the remainder when 1195007 is divided by 70294.
9
Calculate the remainder when 341874 is divided by 1386.
918
Calculate the remainder when 1777557 is divided by 118503.
12
What is the remainder when 26556037 is divided by 196?
193
Calculate the remainder when 22839 is divided by 4574.
4543
Calculate the remainder when 1968664 is divided by 93745.
19
Calculate the remainder when 12560531 is divided by 221.
217
Calculate the remainder when 22935448 is divided by 15.
13
Calculate the remainder when 7084809 is divided by 169.
160
What is the remainder when 8834012 is divided by 31550?
12
Calculate the remainder when 227289 is divided by 17167.
4118
Calculate the remainder when 1528487 is divided by 218327.
198
What is the remainder when 7982123 is divided by 81450?
23
Calculate the remainder when 2506864 is divided by 179060.
24
Calculate the remainder when 1982495 is divided by 29153.
91
What is the remainder when 52581501 is divided by 21809?
2
Calculate the remainder when 15699648 is divided by 253220.
8
Calculate the remainder when 313010 is divided by 22153.
2868
Calculate the remainder when 361916 is divided by 1190.
156
What is the remainder when 1955302 is divided by 78?
76
What is the remainder when 39582 is divided by 12664?
1590
What is the remainder when 203141280 is divided by 702?
30
Calculate the remainder when 3087715 is divided by 735.
715
Calculate the remainder when 96736 is divided by 1892.
244
What is the remainder when 2112519 is divided by 50?
19
What is the remainder when 20578797 is divided by 8?
5
Calculate the remainder when 365467 is divided by 937.
37
Calculate the remainder when 1982071 is divided by 601.
574
Calculate the remainder when 20439 is divided by 3688.
1999
Calculate the remainder when 3008390 is divided by 18.
14
What is the remainder when 3690744 is divided by 271?
266
Calculate the remainder when 67087041 is divided by 2101.
10
Calculate the remainder when 88384 is divided by 333.
139
What is the remainder when 51352 is divided by 3076?
2136
What is the remainder when 522190 is divided by 473?
471
Calculate the remainder when 7302903 is divided by 10300.
203
Calculate the remainder when 27530004 is divided by 13.
8
Calculate the remainder when 219477 is divided by 13.
11
What is the remainder when 2415220 is divided by 25970?
10
Calculate the remainder when 6469615 is divided by 231.
229
Calculate the remainder when 2218050 is divided by 554508.
18
What is the remainder when 153765 is divided by 3842?
85
What is the remainder when 628881138 is divided by 4?
2
What is the remainder when 7831074 is divided by 21?
6
What is the remainder when 11560617 is divided by 917?
915
Calculate the remainder when 38126132 is divided by 46666.
10
What is the remainder when 13712167 is divided by 254?
231
Calculate the remainder when 12202521 is divided by 59.
23
What is the remainder when 10585 is divided by 543?
268
What is the remainder when 37587633 is divided by 6044?
6041
Calculate the remainder when 423539 is divided by 248.
203
Calculate the remainder when 118175 is divided by 67.
54
Calculate the remainder when 19887749 is divided by 8.
5
What is the remainder when 16440316 is divided by 86?
40
What is the remainder when 122572 is divided by 7183?
461
Calculate the remainder when 3365512 is divided by 2181.
229
Calculate the remainder when 31456 is divided by 810.
676
Calculate the remainder when 9498 is divided by 979.
687
Calculate the remainder when 55570939 is divided by 27.
25
Calculate the remainder when 360167 is divided by 1012.
907
What is the remainder when 1094343 is divided by 690?
3
What is the remainder when 126545839 is divided by 93?
88
What is the remainder when 1606974 is divided by 535451?
621
Calcu